{"id":1196,"date":"2022-01-27T14:03:42","date_gmt":"2022-01-27T13:03:42","guid":{"rendered":"http:\/\/localhost:81\/wordpress\/?page_id=1164"},"modified":"2022-01-27T16:13:33","modified_gmt":"2022-01-27T15:13:33","slug":"bac-pro-cuir-3","status":"publish","type":"page","link":"https:\/\/lyceedalembert.paris\/index.php\/bac-pro-cuir-3\/","title":{"rendered":"BAC PRO M\u00e9tiers du Cuir &#8211; Chaussure"},"content":{"rendered":"\n<div class=\"wp-block-file\"><a href=\"https:\/\/lyceedalembert.paris\/wp-content\/uploads\/2022\/01\/Bac-PRO-CUIR-2022.pdf\" target=\"_blank\" rel=\"noreferrer noopener\">Bac-PRO-CUIR-2022<\/a><a href=\"https:\/\/lyceedalembert.paris\/wp-content\/uploads\/2022\/01\/Bac-PRO-CUIR-2022.pdf\" class=\"wp-block-file__button\" download>T\u00e9l\u00e9charger<\/a><\/div>\n\n\n<div id=\"su_carousel_69e7747cddad2\" class=\"su-carousel su-carousel-centered su-carousel-pages-no su-carousel-responsive-yes\" style=\"width:100%\" data-autoplay=\"3000\" data-speed=\"600\" data-mousewheel=\"true\" data-items=\"1\" data-scroll=\"1\"><div class=\"su-carousel-slides\"><div class=\"su-carousel-slide\"><a><img decoding=\"async\" src=\"https:\/\/lyceedalembert.paris\/wp-content\/uploads\/2017\/06\/BD_F-Stijepovic_DSCadre_9530_DxO-682x450.jpg\" alt=\"Lyc\u008ee Polyvalent d&rsquo;Alembert &#8211; 75019 Paris &#8211; formation\" \/><\/a><\/div><div class=\"su-carousel-slide\"><a><img decoding=\"async\" src=\"https:\/\/lyceedalembert.paris\/wp-content\/uploads\/2017\/06\/BD_F-Stijepovic_DSCadre_9531_DxO-682x450.jpg\" alt=\"Lyc\u008ee Polyvalent d&rsquo;Alembert &#8211; 75019 Paris &#8211; formation\" \/><\/a><\/div><div class=\"su-carousel-slide\"><a><img decoding=\"async\" src=\"https:\/\/lyceedalembert.paris\/wp-content\/uploads\/2017\/06\/BD_F-Stijepovic_DSCadre_9532_DxO-682x450.jpg\" alt=\"Lyc\u008ee Polyvalent d&rsquo;Alembert &#8211; 75019 Paris &#8211; formation\" \/><\/a><\/div><div class=\"su-carousel-slide\"><a><img decoding=\"async\" src=\"https:\/\/lyceedalembert.paris\/wp-content\/uploads\/2017\/06\/BD_F-Stijepovic_DSCadre_9534_DxO-682x450.jpg\" alt=\"Lyc\u008ee Polyvalent d&rsquo;Alembert &#8211; 75019 Paris &#8211; formation\" \/><\/a><\/div><div class=\"su-carousel-slide\"><a><img decoding=\"async\" src=\"https:\/\/lyceedalembert.paris\/wp-content\/uploads\/2017\/06\/BD_F-Stijepovic_DSCadre_9553_DxO-682x450.jpg\" alt=\"Lyc\u008ee Polyvalent d&rsquo;Alembert &#8211; 75019 Paris &#8211; formation\" \/><\/a><\/div><div class=\"su-carousel-slide\"><a><img decoding=\"async\" src=\"https:\/\/lyceedalembert.paris\/wp-content\/uploads\/2017\/06\/BD_F-Stijepovic_DSCadre_9563_DxO-682x450.jpg\" alt=\"Lyc\u008ee Polyvalent d&rsquo;Alembert &#8211; 75019 Paris &#8211; formation\" \/><\/a><\/div><div class=\"su-carousel-slide\"><a><img decoding=\"async\" src=\"https:\/\/lyceedalembert.paris\/wp-content\/uploads\/2017\/06\/BD_F-Stijepovic_DSCadre_9566_DxO-682x450.jpg\" alt=\"Lyc\u008ee Polyvalent d&rsquo;Alembert &#8211; 75019 Paris &#8211; formation\" \/><\/a><\/div><div class=\"su-carousel-slide\"><a><img decoding=\"async\" src=\"https:\/\/lyceedalembert.paris\/wp-content\/uploads\/2017\/06\/BD_F-Stijepovic_DSCadre_9576_DxO-682x450.jpg\" alt=\"Lyc\u008ee Polyvalent d&rsquo;Alembert &#8211; 75019 Paris &#8211; formation\" \/><\/a><\/div><div class=\"su-carousel-slide\"><a><img decoding=\"async\" src=\"https:\/\/lyceedalembert.paris\/wp-content\/uploads\/2017\/06\/BD_F-Stijepovic_DSCadre_9586_DxO-682x450.jpg\" alt=\"Lyc\u008ee Polyvalent d&rsquo;Alembert &#8211; 75019 Paris &#8211; formation\" \/><\/a><\/div><div class=\"su-carousel-slide\"><a><img decoding=\"async\" src=\"https:\/\/lyceedalembert.paris\/wp-content\/uploads\/2017\/06\/BD_F-Stijepovic_DSCadre_9588_DxO-682x450.jpg\" alt=\"Lyc\u008ee Polyvalent d&rsquo;Alembert &#8211; 75019 Paris &#8211; formation\" \/><\/a><\/div><div class=\"su-carousel-slide\"><a><img decoding=\"async\" src=\"https:\/\/lyceedalembert.paris\/wp-content\/uploads\/2017\/06\/BD_F-Stijepovic_DSCadre_9616_DxO-682x450.jpg\" alt=\"Lyc\u008ee Polyvalent d&rsquo;Alembert &#8211; 75019 Paris &#8211; formation\" \/><\/a><\/div><div class=\"su-carousel-slide\"><a><img decoding=\"async\" src=\"https:\/\/lyceedalembert.paris\/wp-content\/uploads\/2017\/06\/BD_F-Stijepovic_DSCadre_9621_DxO-682x450.jpg\" alt=\"Lyc\u008ee Polyvalent d&rsquo;Alembert &#8211; 75019 Paris &#8211; formation\" \/><\/a><\/div><div class=\"su-carousel-slide\"><a><img decoding=\"async\" src=\"https:\/\/lyceedalembert.paris\/wp-content\/uploads\/2017\/06\/BD_F-Stijepovic_DSCadre_9626_DxO-682x450.jpg\" alt=\"Lyc\u008ee Polyvalent d&rsquo;Alembert &#8211; 75019 Paris &#8211; formation\" \/><\/a><\/div><\/div><div class=\"su-carousel-nav\"><div class=\"su-carousel-direction\"><span class=\"su-carousel-prev\"><\/span><span class=\"su-carousel-next\"><\/span><\/div><div class=\"su-carousel-pagination\"><\/div><\/div><\/div><br>\nCr\u00e9dit photos <a href=\"http:\/\/fstijepovic.com\/\"> \u00a9 Fran\u00e7oise Stijepovic<\/a>.<\/p>\n<h3><span style=\"color: #ff9900;\"><strong>PUBLIC<\/strong><\/span><\/h3>\n<p>Les \u00e9l\u00e8ves peuvent int\u00e9grer le BacPRO en 1\u00e8re \u00e0 l&rsquo;issu d&rsquo;un CAP ou d&rsquo;une classe de seconde. La formation sur 2 ans.<\/p>\n<h3><span style=\"color: #ff9900;\"><strong>ADMISSIONS<\/strong><\/span><\/h3>\n<p>L&rsquo;admission se fait par Affelnet. Lesd\u00e9marches se font dansl&rsquo;\u00e9tablissement d&rsquo;origine de l&rsquo;\u00e9l\u00e8ve.<\/p>\n<h3><strong><span style=\"color: #ff9900;\">ACTIVITES \u2013 QUALITES REQUISES<\/span><\/strong><\/h3>\n<p>Cette formation pr\u00e9parant \u00e0 un dipl\u00f4me des m\u00e9tiers de la mode, demande un grand sens de l\u2019esth\u00e9tisme, de cr\u00e9ativit\u00e9 et une bonne dext\u00e9rit\u00e9 manuelle.<\/p>\n<p>Il devra \u00eatre en mesure de r\u00e9aliser un prototype d\u2019une pr\u00e9-s\u00e9rie, en tenant compte des crit\u00e8res techniques d\u00e9finis par le styliste.<br>\nIl devra \u00eatre en capacit\u00e9 de r\u00e9diger ou d\u2019adapter des fiches techniques, pour la mise au point de la fabrication en s\u00e9rie (patronage\/prototypage).<br>\nExer\u00e7ant en bureau d\u2019\u00e9tudes, il devra faire le lien entre le bureau d\u2019\u00e9tudes et la production. Cela n\u00e9cessite un sens de la communication, de l\u2019organisation et de savoir travailler en \u00e9quipe.<\/p>\n<p>Ce m\u00e9tier, point d\u2019entr\u00e9e de la mise en production, est un m\u00e9tier strat\u00e9gique. Il exige patience, minutie, sens de l\u2019organisation.<\/p>\n<h3><span style=\"color: #ff9900;\"><strong>CONTENU DE LA FORMATION<\/strong><\/span><\/h3>\n<p>Les \u00e9tudes durent 2 ans et comportent :<\/p>\n<ul>\n<li>de l\u2019enseignement g\u00e9n\u00e9ral : Fran\u00e7ais, Histoire\/G\u00e9ographie, Anglais, Math\u00e9matiques, Sciences-Physiques, Gestion, Arts appliqu\u00e9s, Education Physique.<\/li>\n<li>de l\u2019enseignement technologique : Technologie, Pr\u00e9vention Sant\u00e9 Environnement, Etude des mat\u00e9riaux<\/li>\n<li>de l\u2019enseignement pratique<\/li>\n<\/ul>\n<p style=\"text-align: center;\"><strong>(soit 32h30\/semaine en 1\u00e8re ann\u00e9e et 39 heures\/semaine en Terminale).<\/strong><\/p>\n<p><strong><br>\n<\/strong>La formation comprend <strong>22 semaines de stage<\/strong> dont 18 semaines en milieu professionnel, r\u00e9parties sur les trois ann\u00e9es.<strong><br>\n<\/strong><\/p>\n<h3><span style=\"color: #ff9900;\"><strong>MODALITES DE CERTIFICATION<\/strong><\/span><\/h3>\n<ul>\n<li>Situation d\u2019\u00e9valuation sous forme de CCF (Contr\u00f4le en Cours de Formation) tout en conservant une \u00e9preuve ponctuelle.<\/li>\n<li>Certification interm\u00e9diaire en fin de 2\u00e8me ann\u00e9e.<\/li>\n<\/ul>\n<h3><span style=\"color: #ff9900;\"><strong>DEBOUCHES \u2013 POURSUITE D\u2019ETUDES<\/strong><\/span><\/h3>\n<ul>\n<li>Le dipl\u00f4m\u00e9 pourra travailler dans diff\u00e9rents types d\u2019entreprise : luxe\/moyen de gamme,<\/li>\n<li>Le dipl\u00f4m\u00e9 pourra rejoindre une section de BTS MMCM au Lyc\u00e9e Polyvalent d\u2019Alembert<\/li>\n<\/ul>","protected":false},"excerpt":{"rendered":"<p>Cr\u00e9dit photos \u00a9 Fran\u00e7oise Stijepovic. PUBLIC Les \u00e9l\u00e8ves peuvent int\u00e9grer le BacPRO en 1\u00e8re \u00e0 l&rsquo;issu d&rsquo;un CAP ou d&rsquo;une classe de seconde. La formation sur 2 ans. ADMISSIONS L&rsquo;admission se fait par Affelnet. Lesd\u00e9marches se font dansl&rsquo;\u00e9tablissement d&rsquo;origine de l&rsquo;\u00e9l\u00e8ve. ACTIVITES \u2013 QUALITES REQUISES Cette formation pr\u00e9parant \u00e0 un dipl\u00f4me des m\u00e9tiers de la mode, demande un grand sens de l\u2019esth\u00e9tisme, de cr\u00e9ativit\u00e9 et une bonne dext\u00e9rit\u00e9 manuelle. Il devra \u00eatre en mesure de r\u00e9aliser un prototype d\u2019une pr\u00e9-s\u00e9rie,&hellip;<\/p>\n","protected":false},"author":1,"featured_media":0,"parent":0,"menu_order":0,"comment_status":"closed","ping_status":"closed","template":"","meta":{"footnotes":""},"class_list":["post-1196","page","type-page","status-publish","hentry"],"_links":{"self":[{"href":"https:\/\/lyceedalembert.paris\/index.php\/wp-json\/wp\/v2\/pages\/1196","targetHints":{"allow":["GET"]}}],"collection":[{"href":"https:\/\/lyceedalembert.paris\/index.php\/wp-json\/wp\/v2\/pages"}],"about":[{"href":"https:\/\/lyceedalembert.paris\/index.php\/wp-json\/wp\/v2\/types\/page"}],"author":[{"embeddable":true,"href":"https:\/\/lyceedalembert.paris\/index.php\/wp-json\/wp\/v2\/users\/1"}],"replies":[{"embeddable":true,"href":"https:\/\/lyceedalembert.paris\/index.php\/wp-json\/wp\/v2\/comments?post=1196"}],"version-history":[{"count":11,"href":"https:\/\/lyceedalembert.paris\/index.php\/wp-json\/wp\/v2\/pages\/1196\/revisions"}],"predecessor-version":[{"id":6906,"href":"https:\/\/lyceedalembert.paris\/index.php\/wp-json\/wp\/v2\/pages\/1196\/revisions\/6906"}],"wp:attachment":[{"href":"https:\/\/lyceedalembert.paris\/index.php\/wp-json\/wp\/v2\/media?parent=1196"}],"curies":[{"name":"wp","href":"https:\/\/api.w.org\/{rel}","templated":true}]}}