{"id":1199,"date":"2021-11-24T18:09:08","date_gmt":"2021-11-24T17:09:08","guid":{"rendered":"http:\/\/localhost:81\/wordpress\/?page_id=1170"},"modified":"2022-05-11T13:37:45","modified_gmt":"2022-05-11T12:37:45","slug":"bts-mmcm-3","status":"publish","type":"page","link":"https:\/\/lyceedalembert.paris\/index.php\/bts-mmcm-3\/","title":{"rendered":"BTS M\u00e9tiers de la Mode &#8211; Chaussures et Maroquinerie"},"content":{"rendered":"\n<figure class=\"wp-block-embed is-type-video is-provider-youtube wp-block-embed-youtube wp-embed-aspect-16-9 wp-has-aspect-ratio\"><div class=\"wp-block-embed__wrapper\">\n<div class=\"video\"><iframe loading=\"lazy\" title=\"SPF Film Etablissement 11   CHAUSSURES   Lyc\u00e9e D\u2019Alembert 1920x1080\" width=\"640\" height=\"360\" src=\"https:\/\/www.youtube.com\/embed\/an48Ki-rSuI?feature=oembed\" frameborder=\"0\" allow=\"accelerometer; autoplay; clipboard-write; encrypted-media; gyroscope; picture-in-picture; web-share\" referrerpolicy=\"strict-origin-when-cross-origin\" allowfullscreen><\/iframe><\/div>\n<\/div><\/figure>\n\n\n\n<div id=\"su_carousel_69e76282a30ae\" class=\"su-carousel su-carousel-centered su-carousel-pages-no su-carousel-responsive-yes\" style=\"width:100%\" data-autoplay=\"3000\" data-speed=\"600\" data-mousewheel=\"true\" data-items=\"1\" data-scroll=\"1\"><div class=\"su-carousel-slides\"><div class=\"su-carousel-slide\"><a><img decoding=\"async\" src=\"https:\/\/lyceedalembert.paris\/wp-content\/uploads\/2017\/06\/BD_F-Stijepovic_DSCadre_9530_DxO-682x450.jpg\" alt=\"Lyc\u008ee Polyvalent d&rsquo;Alembert &#8211; 75019 Paris &#8211; formation\" \/><\/a><\/div><div class=\"su-carousel-slide\"><a><img decoding=\"async\" src=\"https:\/\/lyceedalembert.paris\/wp-content\/uploads\/2017\/06\/BD_F-Stijepovic_DSCadre_9531_DxO-682x450.jpg\" alt=\"Lyc\u008ee Polyvalent d&rsquo;Alembert &#8211; 75019 Paris &#8211; formation\" \/><\/a><\/div><div class=\"su-carousel-slide\"><a><img decoding=\"async\" src=\"https:\/\/lyceedalembert.paris\/wp-content\/uploads\/2017\/06\/BD_F-Stijepovic_DSCadre_9532_DxO-682x450.jpg\" alt=\"Lyc\u008ee Polyvalent d&rsquo;Alembert &#8211; 75019 Paris &#8211; formation\" \/><\/a><\/div><div class=\"su-carousel-slide\"><a><img decoding=\"async\" src=\"https:\/\/lyceedalembert.paris\/wp-content\/uploads\/2017\/06\/BD_F-Stijepovic_DSCadre_9534_DxO-682x450.jpg\" alt=\"Lyc\u008ee Polyvalent d&rsquo;Alembert &#8211; 75019 Paris &#8211; formation\" \/><\/a><\/div><div class=\"su-carousel-slide\"><a><img decoding=\"async\" src=\"https:\/\/lyceedalembert.paris\/wp-content\/uploads\/2017\/06\/BD_F-Stijepovic_DSCadre_9553_DxO-682x450.jpg\" alt=\"Lyc\u008ee Polyvalent d&rsquo;Alembert &#8211; 75019 Paris &#8211; formation\" \/><\/a><\/div><div class=\"su-carousel-slide\"><a><img decoding=\"async\" src=\"https:\/\/lyceedalembert.paris\/wp-content\/uploads\/2017\/06\/BD_F-Stijepovic_DSCadre_9563_DxO-682x450.jpg\" alt=\"Lyc\u008ee Polyvalent d&rsquo;Alembert &#8211; 75019 Paris &#8211; formation\" \/><\/a><\/div><div class=\"su-carousel-slide\"><a><img decoding=\"async\" src=\"https:\/\/lyceedalembert.paris\/wp-content\/uploads\/2017\/06\/BD_F-Stijepovic_DSCadre_9566_DxO-682x450.jpg\" alt=\"Lyc\u008ee Polyvalent d&rsquo;Alembert &#8211; 75019 Paris &#8211; formation\" \/><\/a><\/div><div class=\"su-carousel-slide\"><a><img decoding=\"async\" src=\"https:\/\/lyceedalembert.paris\/wp-content\/uploads\/2017\/06\/BD_F-Stijepovic_DSCadre_9576_DxO-682x450.jpg\" alt=\"Lyc\u008ee Polyvalent d&rsquo;Alembert &#8211; 75019 Paris &#8211; formation\" \/><\/a><\/div><div class=\"su-carousel-slide\"><a><img decoding=\"async\" src=\"https:\/\/lyceedalembert.paris\/wp-content\/uploads\/2017\/06\/BD_F-Stijepovic_DSCadre_9586_DxO-682x450.jpg\" alt=\"Lyc\u008ee Polyvalent d&rsquo;Alembert &#8211; 75019 Paris &#8211; formation\" \/><\/a><\/div><div class=\"su-carousel-slide\"><a><img decoding=\"async\" src=\"https:\/\/lyceedalembert.paris\/wp-content\/uploads\/2017\/06\/BD_F-Stijepovic_DSCadre_9588_DxO-682x450.jpg\" alt=\"Lyc\u008ee Polyvalent d&rsquo;Alembert &#8211; 75019 Paris &#8211; formation\" \/><\/a><\/div><div class=\"su-carousel-slide\"><a><img decoding=\"async\" src=\"https:\/\/lyceedalembert.paris\/wp-content\/uploads\/2017\/06\/BD_F-Stijepovic_DSCadre_9616_DxO-682x450.jpg\" alt=\"Lyc\u008ee Polyvalent d&rsquo;Alembert &#8211; 75019 Paris &#8211; formation\" \/><\/a><\/div><div class=\"su-carousel-slide\"><a><img decoding=\"async\" src=\"https:\/\/lyceedalembert.paris\/wp-content\/uploads\/2017\/06\/BD_F-Stijepovic_DSCadre_9621_DxO-682x450.jpg\" alt=\"Lyc\u008ee Polyvalent d&rsquo;Alembert &#8211; 75019 Paris &#8211; formation\" \/><\/a><\/div><div class=\"su-carousel-slide\"><a><img decoding=\"async\" src=\"https:\/\/lyceedalembert.paris\/wp-content\/uploads\/2017\/06\/BD_F-Stijepovic_DSCadre_9626_DxO-682x450.jpg\" alt=\"Lyc\u008ee Polyvalent d&rsquo;Alembert &#8211; 75019 Paris &#8211; formation\" \/><\/a><\/div><\/div><div class=\"su-carousel-nav\"><div class=\"su-carousel-direction\"><span class=\"su-carousel-prev\"><\/span><span class=\"su-carousel-next\"><\/span><\/div><div class=\"su-carousel-pagination\"><\/div><\/div><\/div><br>Les photos ont \u00e9t\u00e9 prises par la photographe <a href=\"http:\/\/fstijepovic.com\/\"> \u00a9 Fran\u00e7oise Stijepovic<\/a>.<\/p>\n\n\n\n<div data-wp-interactive=\"core\/file\" class=\"wp-block-file aligncenter\"><object data-wp-bind--hidden=\"!state.hasPdfPreview\" hidden class=\"wp-block-file__embed\" data=\"https:\/\/lyceedalembert.paris\/wp-content\/uploads\/2021\/11\/BTS-Metiers-de-la-Mode.pdf\" type=\"application\/pdf\" style=\"width:100%;height:600px\" aria-label=\"Contenu embarqu\u00e9 Contenu embarqu\u00e9 BTS-Metiers-de-la-Mode..\"><\/object><a id=\"wp-block-file--media-25b79548-551e-44d5-ae2f-da717b808283\" href=\"https:\/\/lyceedalembert.paris\/wp-content\/uploads\/2021\/11\/BTS-Metiers-de-la-Mode.pdf\">BTS-Metiers-de-la-Mode<\/a><a href=\"https:\/\/lyceedalembert.paris\/wp-content\/uploads\/2021\/11\/BTS-Metiers-de-la-Mode.pdf\" class=\"wp-block-file__button\" download aria-describedby=\"wp-block-file--media-25b79548-551e-44d5-ae2f-da717b808283\">T\u00e9l\u00e9charger<\/a><\/div>\n\n\n\n<h3 class=\"wp-block-heading\"><span style=\"color: #ff9900;\"><strong>PUBLIC<\/strong><\/span><\/h3>\n\n\n\n<p>Les \u00e9tudiants sont recrut\u00e9s apr\u00e8s un Bac G\u00e9n\u00e9ral ou S.T.I. ou apr\u00e8s un BacPro CUIR Le recrutement se fait \u00e0 un niveau national<\/p>\n\n\n\n<h3 class=\"wp-block-heading\"><strong><span style=\"color: #ff9900;\">ACTIVITES \u2013 QUALITES REQUISES<\/span><\/strong><\/h3>\n\n\n\n<p>Les \u00e9tudiants doivent avoir un go\u00fbt prononc\u00e9 pour la cr\u00e9ation d\u2019un produit en relation avec la mode, poss\u00e9der un sens artistique, \u00eatre curieux des \u00e9volutions, des tendances et des cr\u00e9ations, \u00eatre mobile, \u2026<\/p>\n\n\n\n<p>Le titulaire du BTS MMCM :<\/p>\n\n\n\n<ul class=\"wp-block-list\"><li>con\u00e7oit et d\u00e9velopper des produits<\/li><li>industrialise les produits<\/li><li>pr\u00e9pare la production<\/li><li>organise et suit la production<\/li><\/ul>\n\n\n\n<h3 class=\"wp-block-heading\"><span style=\"color: #ff9900;\"><strong>CONTENU DE LA FORMATION<\/strong><\/span><\/h3>\n\n\n\n<p>Les \u00e9tudes durent 2 ans et comportent :<\/p>\n\n\n\n<ul class=\"wp-block-list\"><li>de l\u2019enseignement g\u00e9n\u00e9ral : Culture g\u00e9n\u00e9rale et expression, Anglais, Math\u00e9matiques, Sciences Physiques et Chimiques<\/li><li>de l\u2019enseignement professionnel : Conception, D\u00e9veloppement, Industrialisation et R\u00e9alisation de produits, Environnement \u00e9conomique et juridique<\/li><li>Arts appliqu\u00e9s<\/li><\/ul>\n\n\n\n<p><strong>(soit 33 heures\/semaine en 1\u00e8reann\u00e9e et 33 heures\/semaine en seconde ann\u00e9e)<\/strong><\/p>\n\n\n\n<p>La formation comprend <strong>6 semaines de stage en milieu professionnel en fin de 1\u00e8re ann\u00e9e.<\/strong><\/p>\n\n\n\n<h3 class=\"wp-block-heading\"><span style=\"color: #ff9900;\"><strong>MODALITES DE CERTIFICATION<\/strong><\/span><\/h3>\n\n\n\n<ul class=\"wp-block-list\"><li>\u00e9preuves en CCF (contr\u00f4le en cours de formation) sur les deux ann\u00e9es, pour certaines mati\u00e8res.<\/li><li>\u00e9preuves ponctuelles en fin de seconde ann\u00e9e, pour les autres.<\/li><\/ul>\n\n\n\n<h3 class=\"wp-block-heading\"><span style=\"color: #ff9900;\"><strong>DEBOUCHES \u2013 POURSUITE D\u2019ETUDES<\/strong><\/span><\/h3>\n\n\n\n<ul class=\"wp-block-list\"><li>Le titulaire de ce BTS peut travailler dans diff\u00e9rents types d\u2019entreprise, majoritairement TPE ou PME, entreprises ayant d\u00e9localis\u00e9 la fabrication ou bien la r\u00e9alisant en tout ou partie en France.<\/li><li>Au cours de son parcours professionnel, le titulaire de ce BTS pourra \u00e9voluer vers des fonctions d\u2019encadrement : responsabilit\u00e9 des d\u00e9partements \u00e9tude et d\u00e9veloppement, mise en place et suivi de la production en France comme \u00e0 l\u2019\u00e9tranger.<\/li><\/ul>\n","protected":false},"excerpt":{"rendered":"<p>Les photos ont \u00e9t\u00e9 prises par la photographe \u00a9 Fran\u00e7oise Stijepovic. PUBLIC Les \u00e9tudiants sont recrut\u00e9s apr\u00e8s un Bac G\u00e9n\u00e9ral ou S.T.I. ou apr\u00e8s un BacPro CUIR Le recrutement se fait \u00e0 un niveau national ACTIVITES \u2013 QUALITES REQUISES Les \u00e9tudiants doivent avoir un go\u00fbt prononc\u00e9 pour la cr\u00e9ation d\u2019un produit en relation avec la mode, poss\u00e9der un sens artistique, \u00eatre curieux des \u00e9volutions, des tendances et des cr\u00e9ations, \u00eatre mobile, \u2026 Le titulaire du BTS MMCM : con\u00e7oit et&hellip;<\/p>\n","protected":false},"author":1,"featured_media":0,"parent":0,"menu_order":0,"comment_status":"closed","ping_status":"closed","template":"","meta":{"footnotes":""},"class_list":["post-1199","page","type-page","status-publish","hentry"],"_links":{"self":[{"href":"https:\/\/lyceedalembert.paris\/index.php\/wp-json\/wp\/v2\/pages\/1199","targetHints":{"allow":["GET"]}}],"collection":[{"href":"https:\/\/lyceedalembert.paris\/index.php\/wp-json\/wp\/v2\/pages"}],"about":[{"href":"https:\/\/lyceedalembert.paris\/index.php\/wp-json\/wp\/v2\/types\/page"}],"author":[{"embeddable":true,"href":"https:\/\/lyceedalembert.paris\/index.php\/wp-json\/wp\/v2\/users\/1"}],"replies":[{"embeddable":true,"href":"https:\/\/lyceedalembert.paris\/index.php\/wp-json\/wp\/v2\/comments?post=1199"}],"version-history":[{"count":7,"href":"https:\/\/lyceedalembert.paris\/index.php\/wp-json\/wp\/v2\/pages\/1199\/revisions"}],"predecessor-version":[{"id":7062,"href":"https:\/\/lyceedalembert.paris\/index.php\/wp-json\/wp\/v2\/pages\/1199\/revisions\/7062"}],"wp:attachment":[{"href":"https:\/\/lyceedalembert.paris\/index.php\/wp-json\/wp\/v2\/media?parent=1199"}],"curies":[{"name":"wp","href":"https:\/\/api.w.org\/{rel}","templated":true}]}}