{"id":1205,"date":"2016-03-10T13:08:23","date_gmt":"2016-03-10T12:08:23","guid":{"rendered":"http:\/\/localhost:81\/wordpress\/?page_id=1182"},"modified":"2016-03-10T13:08:23","modified_gmt":"2016-03-10T12:08:23","slug":"de-amp-2","status":"publish","type":"page","link":"https:\/\/lyceedalembert.paris\/index.php\/de-amp-2\/","title":{"rendered":"DE AMP"},"content":{"rendered":"<h3><span style=\"color: #ff9900;\">CONDITIONS D\u2019ACCES A LA FORMATION<\/span><\/h3>\n<p>Les candidats, \u00e0 l\u2019entr\u00e9e en formation au lyc\u00e9e d\u2019Alembert doivent \u00eatre \u00e2g\u00e9s au minimum de 18 ans et au maximum de 26 ans.<br \/>\nAucun dipl\u00f4me n\u2019est requis pour l\u2019entr\u00e9e en formation mais capacit\u00e9 d\u2019\u00e9coute, patience et empathie sont les bienvenues. La s\u00e9lection se fait sur concours et comprend :<\/p>\n<ul>\n<li>Une \u00e9preuve d\u2019admissibilit\u00e9 : culture g\u00e9n\u00e9rale en lien avec le domaine sanitaire et social<\/li>\n<li>Une \u00e9preuve orale d\u2019admission : entretien en vue d\u2019appr\u00e9cier l\u2019aptitude et la motivation du candidat<\/li>\n<\/ul>\n<h3><strong><span style=\"color: #ff9900;\">ACTIVITES \u2013 QUALITES REQUISES<\/span><\/strong><\/h3>\n<p><strong>La formation est gratuite et non r\u00e9mun\u00e9r\u00e9e.<\/strong> Elle est dispens\u00e9e de <strong>septembre \u00e0 novembre de l\u2019ann\u00e9e suivante.<br \/>\n<\/strong><span style=\"text-decoration: underline;\">Formation th\u00e9orique :<\/span> 495 heures soit 12 semaines et comprend six domaines :<\/p>\n<ul>\n<li>Connaissance de la personne<\/li>\n<li>Accompagnement \u00e9ducatif et aide individualis\u00e9e aux personnes dans la vie quotidienne<\/li>\n<li>Soutien m\u00e9dico-psychologique<\/li>\n<li>Animation vie sociale et relationnelle<\/li>\n<li>Participation \u00e0 la mise en place et au suivi du projet personnalis\u00e9<\/li>\n<li>Communication professionnelle et vie institutionnelle<\/li>\n<\/ul>\n<p align=\"JUSTIFY\"><span style=\"text-decoration: underline;\">Formation pratique :<\/span> A ces enseignements th\u00e9oriques viennent s\u2019ajouter l\u2019acquisition de l\u2019exp\u00e9rience du terrain sous forme de 840 heures de formation pratique soit 24 semaines.<\/p>\n<h3><span style=\"color: #ff9900;\">VALIDATION DE LA FORMATION<\/span><\/h3>\n<p>Le dipl\u00f4me d\u2019\u00e9tat d\u2019AMP (niveau V) est d\u00e9livr\u00e9 par la DRJSCS lorsque les candidats ont valid\u00e9 chacun des 6 domaines de certification correspondant aux 6 domaines de formation.<br \/>\nLa certification est soumise \u00e0 l\u2019obligation de pr\u00e9sence :<\/p>\n<ul>\n<li>Aux 495 heures de formation au lyc\u00e9e D\u2019Alembert<\/li>\n<li>Aux 24 semaines de stage<\/li>\n<\/ul>\n<p>&nbsp;<\/p>\n<h3><span style=\"color: #ff9900;\">LA FONCTION<\/span><\/h3>\n<p>L\u2019Aide M\u00e9dico Psychologique est un travailleur social qui participe \u00e0 l\u2019accompagnement des enfants, adolescents et adultes en situation de handicap, des personnes \u00e2g\u00e9es d\u00e9pendantes ainsi que des personnes accueillies en structure sp\u00e9cialis\u00e9e du fait de probl\u00e9matiques d\u2019ordre social.<br \/>\nEn institution, au travers des actes de la vie quotidienne, il accompagne, individuellement, les personnes et participe au travail de d\u00e9veloppement ou de maintien de l\u2019autonomie. Il agit, au sein d\u2019une \u00e9quipe pluri-professionnelle, sous la responsabilit\u00e9 d\u2019un travailleur social ou param\u00e9dical.<\/p>\n<h3><span style=\"color: #ff9900;\">SECTEUR D\u2019EMPLOI<\/span><\/h3>\n<p>L\u2019A.M.P. exerce principalement dans trois grandes cat\u00e9gories d\u2019institutions :<\/p>\n<ul>\n<li>Les \u00e9tablissements, essentiellement, associatifs, du secteur m\u00e9dico-social : institut m\u00e9dico-\u00e9ducatifs, foyer de vie ou foyer d\u2019accueil m\u00e9dicalis\u00e9 \u2026<\/li>\n<li>Les \u00e9tablissements, publics ou priv\u00e9s, accueillant des personnes \u00e2g\u00e9es.<\/li>\n<li>Les \u00e9tablissements d\u2019accueil de personnes ayant des probl\u00e9matiques d\u2019ordre social : MECS, foyers d\u2019h\u00e9bergement, CHRS, \u2026<\/li>\n<\/ul>\n<h6 style=\"text-align: center;\">Dossier d\u2019inscription \u00e0 retirer \u00e0 l\u2019accueil du lyc\u00e9e ou \u00e0 t\u00e9l\u00e9charger sur le site du lyc\u00e9e http:\/\/lyc-dalembert.ac-paris .fr<\/h6>\n","protected":false},"excerpt":{"rendered":"<p>CONDITIONS D\u2019ACCES A LA FORMATION Les candidats, \u00e0 l\u2019entr\u00e9e en formation au lyc\u00e9e d\u2019Alembert doivent \u00eatre \u00e2g\u00e9s au minimum de 18 ans et au maximum de 26 ans. Aucun dipl\u00f4me n\u2019est requis pour l\u2019entr\u00e9e en formation mais capacit\u00e9 d\u2019\u00e9coute, patience et empathie sont les bienvenues. La s\u00e9lection se fait sur concours et comprend : Une \u00e9preuve d\u2019admissibilit\u00e9 : culture g\u00e9n\u00e9rale en lien avec le domaine sanitaire et social Une \u00e9preuve orale d\u2019admission : entretien en vue d\u2019appr\u00e9cier l\u2019aptitude et la&hellip;<\/p>\n","protected":false},"author":1,"featured_media":0,"parent":0,"menu_order":0,"comment_status":"closed","ping_status":"closed","template":"","meta":{"footnotes":""},"class_list":["post-1205","page","type-page","status-publish","hentry"],"_links":{"self":[{"href":"https:\/\/lyceedalembert.paris\/index.php\/wp-json\/wp\/v2\/pages\/1205","targetHints":{"allow":["GET"]}}],"collection":[{"href":"https:\/\/lyceedalembert.paris\/index.php\/wp-json\/wp\/v2\/pages"}],"about":[{"href":"https:\/\/lyceedalembert.paris\/index.php\/wp-json\/wp\/v2\/types\/page"}],"author":[{"embeddable":true,"href":"https:\/\/lyceedalembert.paris\/index.php\/wp-json\/wp\/v2\/users\/1"}],"replies":[{"embeddable":true,"href":"https:\/\/lyceedalembert.paris\/index.php\/wp-json\/wp\/v2\/comments?post=1205"}],"version-history":[{"count":1,"href":"https:\/\/lyceedalembert.paris\/index.php\/wp-json\/wp\/v2\/pages\/1205\/revisions"}],"predecessor-version":[{"id":1456,"href":"https:\/\/lyceedalembert.paris\/index.php\/wp-json\/wp\/v2\/pages\/1205\/revisions\/1456"}],"wp:attachment":[{"href":"https:\/\/lyceedalembert.paris\/index.php\/wp-json\/wp\/v2\/media?parent=1205"}],"curies":[{"name":"wp","href":"https:\/\/api.w.org\/{rel}","templated":true}]}}

<h3><span style="color: #ff9900;">CONDITIONS D’ACCES A LA FORMATION</span></h3>
<p>Les candidats, à l’entrée en formation au lycée d’Alembert doivent être âgés au minimum de 18 ans et au maximum de 26 ans.<br />
Aucun diplôme n’est requis pour l’entrée en formation mais capacité d’écoute, patience et empathie sont les bienvenues. La sélection se fait sur concours et comprend :</p>
<ul>
<li>Une épreuve d’admissibilité : culture générale en lien avec le domaine sanitaire et social</li>
<li>Une épreuve orale d’admission : entretien en vue d’apprécier l’aptitude et la motivation du candidat</li>
</ul>
<h3><strong><span style="color: #ff9900;">ACTIVITES – QUALITES REQUISES</span></strong></h3>
<p><strong>La formation est gratuite et non rémunérée.</strong> Elle est dispensée de <strong>septembre à novembre de l’année suivante.<br />
</strong><span style="text-decoration: underline;">Formation théorique :</span> 495 heures soit 12 semaines et comprend six domaines :</p>
<ul>
<li>Connaissance de la personne</li>
<li>Accompagnement éducatif et aide individualisée aux personnes dans la vie quotidienne</li>
<li>Soutien médico-psychologique</li>
<li>Animation vie sociale et relationnelle</li>
<li>Participation à la mise en place et au suivi du projet personnalisé</li>
<li>Communication professionnelle et vie institutionnelle</li>
</ul>
<p align="JUSTIFY"><span style="text-decoration: underline;">Formation pratique :</span> A ces enseignements théoriques viennent s’ajouter l’acquisition de l’expérience du terrain sous forme de 840 heures de formation pratique soit 24 semaines.</p>
<h3><span style="color: #ff9900;">VALIDATION DE LA FORMATION</span></h3>
<p>Le diplôme d’état d’AMP (niveau V) est délivré par la DRJSCS lorsque les candidats ont validé chacun des 6 domaines de certification correspondant aux 6 domaines de formation.<br />
La certification est soumise à l’obligation de présence :</p>
<ul>
<li>Aux 495 heures de formation au lycée D’Alembert</li>
<li>Aux 24 semaines de stage</li>
</ul>
<p>&nbsp;</p>
<h3><span style="color: #ff9900;">LA FONCTION</span></h3>
<p>L’Aide Médico Psychologique est un travailleur social qui participe à l’accompagnement des enfants, adolescents et adultes en situation de handicap, des personnes âgées dépendantes ainsi que des personnes accueillies en structure spécialisée du fait de problématiques d’ordre social.<br />
En institution, au travers des actes de la vie quotidienne, il accompagne, individuellement, les personnes et participe au travail de développement ou de maintien de l’autonomie. Il agit, au sein d’une équipe pluri-professionnelle, sous la responsabilité d’un travailleur social ou paramédical.</p>
<h3><span style="color: #ff9900;">SECTEUR D’EMPLOI</span></h3>
<p>L’A.M.P. exerce principalement dans trois grandes catégories d’institutions :</p>
<ul>
<li>Les établissements, essentiellement, associatifs, du secteur médico-social : institut médico-éducatifs, foyer de vie ou foyer d’accueil médicalisé …</li>
<li>Les établissements, publics ou privés, accueillant des personnes âgées.</li>
<li>Les établissements d’accueil de personnes ayant des problématiques d’ordre social : MECS, foyers d’hébergement, CHRS, …</li>
</ul>
<h6 style="text-align: center;">Dossier d’inscription à retirer à l’accueil du lycée ou à télécharger sur le site du lycée http://lyc-dalembert.ac-paris .fr</h6>

<p>CONDITIONS D’ACCES A LA FORMATION Les candidats, à l’entrée en formation au lycée d’Alembert doivent être âgés au minimum de 18 ans et au maximum de 26 ans. Aucun diplôme n’est requis pour l’entrée en formation mais capacité d’écoute, patience et empathie sont les bienvenues. La sélection se fait sur concours et comprend : Une épreuve d’admissibilité : culture générale en lien avec le domaine sanitaire et social Une épreuve orale d’admission : entretien en vue d’apprécier l’aptitude et la&hellip;</p>
