{"id":1531,"date":"2016-03-30T14:54:19","date_gmt":"2016-03-30T13:54:19","guid":{"rendered":"http:\/\/localhost:81\/Lyceedalembert\/?page_id=1531"},"modified":"2016-03-30T15:03:14","modified_gmt":"2016-03-30T14:03:14","slug":"csnpo","status":"publish","type":"page","link":"https:\/\/lyceedalembert.paris\/index.php\/csnpo\/","title":{"rendered":"CSNPO"},"content":{"rendered":"<p>Pour acc\u00e9der \u00e0 la Chambre Syndicale Nationale des Podo-orth\u00e9sistes,<\/p>\n<p>suivez le lien : <a href=\"http:\/\/csnpo.org\/\" target=\"_blank\">CSNPO<\/a><\/p>\n","protected":false},"excerpt":{"rendered":"<p>Pour acc\u00e9der \u00e0 la Chambre Syndicale Nationale des Podo-orth\u00e9sistes, suivez le lien : CSNPO<\/p>\n","protected":false},"author":1,"featured_media":0,"parent":0,"menu_order":0,"comment_status":"closed","ping_status":"closed","template":"","meta":{"footnotes":""},"class_list":["post-1531","page","type-page","status-publish","hentry"],"_links":{"self":[{"href":"https:\/\/lyceedalembert.paris\/index.php\/wp-json\/wp\/v2\/pages\/1531","targetHints":{"allow":["GET"]}}],"collection":[{"href":"https:\/\/lyceedalembert.paris\/index.php\/wp-json\/wp\/v2\/pages"}],"about":[{"href":"https:\/\/lyceedalembert.paris\/index.php\/wp-json\/wp\/v2\/types\/page"}],"author":[{"embeddable":true,"href":"https:\/\/lyceedalembert.paris\/index.php\/wp-json\/wp\/v2\/users\/1"}],"replies":[{"embeddable":true,"href":"https:\/\/lyceedalembert.paris\/index.php\/wp-json\/wp\/v2\/comments?post=1531"}],"version-history":[{"count":2,"href":"https:\/\/lyceedalembert.paris\/index.php\/wp-json\/wp\/v2\/pages\/1531\/revisions"}],"predecessor-version":[{"id":1539,"href":"https:\/\/lyceedalembert.paris\/index.php\/wp-json\/wp\/v2\/pages\/1531\/revisions\/1539"}],"wp:attachment":[{"href":"https:\/\/lyceedalembert.paris\/index.php\/wp-json\/wp\/v2\/media?parent=1531"}],"curies":[{"name":"wp","href":"https:\/\/api.w.org\/{rel}","templated":true}]}}