{"id":44,"date":"2016-02-16T11:39:33","date_gmt":"2016-02-16T10:39:33","guid":{"rendered":"http:\/\/localhost:82\/wordpress\/?page_id=44"},"modified":"2021-10-06T17:12:11","modified_gmt":"2021-10-06T16:12:11","slug":"formation-continue","status":"publish","type":"page","link":"https:\/\/lyceedalembert.paris\/index.php\/formation-continue\/","title":{"rendered":"Formation continue"},"content":{"rendered":"\n<p>Pour tout renseignement sur la formation continue au Lyc\u00e9e d&rsquo;Alembert, suivez le lien :&nbsp;<a href=\"http:\/\/www.gpi2d.greta.fr\/\" target=\"_blank\" rel=\"noreferrer noopener\">greta gpi2d<\/a><\/p>\n\n\n<p>La formation continue est disponible en<strong> podo-orth\u00e8se et proth\u00e9se-orth\u00e8se.<\/strong><\/p>\n<p>Vous devez prendre contact au pr\u00e9alable avec le GRETA gpi2D:<\/p>\n<p><strong>Site Aubervilliers<\/strong><br \/><strong>M\u00e9tropole 19, B\u00e2timent A<\/strong><br \/><strong>134 rue d\u2019Aubervilliers<\/strong><br \/><strong>75019 Paris<\/strong><br \/><strong><em>01 40 64 13 80 \u2013 contact@gpi2d.greta.fr<\/em><\/strong><\/p>\n<p><em>Standard t\u00e9l\u00e9phonique :<\/em> du lundi au vendredi de 9h \u00e0 12h30 puis de 13h30 \u00e0 17h (sauf vendredi 16h30)<br \/><em>Accueil du public :<\/em> du lundi au vendredi de 9h \u00e0 12h30 puis de 13h30 \u00e0 17h (sauf vendredi 16h30)<br \/><em>Acc\u00e8s :<\/em> RER E (Rosa Parks), M\u00e9tro 7 (Riquet ou Crim\u00e9e)<\/p>\n<p>\u00a0<\/p>","protected":false},"excerpt":{"rendered":"<p>Pour tout renseignement sur la formation continue au Lyc\u00e9e d&rsquo;Alembert, suivez le lien :&nbsp;greta gpi2d La formation continue est disponible en podo-orth\u00e8se et proth\u00e9se-orth\u00e8se. Vous devez prendre contact au pr\u00e9alable avec le GRETA gpi2D: Site AubervilliersM\u00e9tropole 19, B\u00e2timent A134 rue d\u2019Aubervilliers75019 Paris01 40 64 13 80 \u2013 contact@gpi2d.greta.fr Standard t\u00e9l\u00e9phonique : du lundi au vendredi de 9h \u00e0 12h30 puis de 13h30 \u00e0 17h (sauf vendredi 16h30)Accueil du public : du lundi au vendredi de 9h \u00e0 12h30 puis de&hellip;<\/p>\n","protected":false},"author":1,"featured_media":0,"parent":0,"menu_order":0,"comment_status":"closed","ping_status":"closed","template":"","meta":{"footnotes":""},"class_list":["post-44","page","type-page","status-publish","hentry"],"_links":{"self":[{"href":"https:\/\/lyceedalembert.paris\/index.php\/wp-json\/wp\/v2\/pages\/44","targetHints":{"allow":["GET"]}}],"collection":[{"href":"https:\/\/lyceedalembert.paris\/index.php\/wp-json\/wp\/v2\/pages"}],"about":[{"href":"https:\/\/lyceedalembert.paris\/index.php\/wp-json\/wp\/v2\/types\/page"}],"author":[{"embeddable":true,"href":"https:\/\/lyceedalembert.paris\/index.php\/wp-json\/wp\/v2\/users\/1"}],"replies":[{"embeddable":true,"href":"https:\/\/lyceedalembert.paris\/index.php\/wp-json\/wp\/v2\/comments?post=44"}],"version-history":[{"count":5,"href":"https:\/\/lyceedalembert.paris\/index.php\/wp-json\/wp\/v2\/pages\/44\/revisions"}],"predecessor-version":[{"id":6554,"href":"https:\/\/lyceedalembert.paris\/index.php\/wp-json\/wp\/v2\/pages\/44\/revisions\/6554"}],"wp:attachment":[{"href":"https:\/\/lyceedalembert.paris\/index.php\/wp-json\/wp\/v2\/media?parent=44"}],"curies":[{"name":"wp","href":"https:\/\/api.w.org\/{rel}","templated":true}]}}