{"id":4935,"date":"2024-10-07T19:54:21","date_gmt":"2024-10-07T18:54:21","guid":{"rendered":"http:\/\/lyceedalembert.paris\/?page_id=4935"},"modified":"2024-10-07T19:54:22","modified_gmt":"2024-10-07T18:54:22","slug":"cdi","status":"publish","type":"page","link":"https:\/\/lyceedalembert.paris\/index.php\/cdi\/","title":{"rendered":"CDI"},"content":{"rendered":"\n<p>Le centre de documentation est d&rsquo;information est un lieu de ressources ouvert aux \u00e9l\u00e8ves, \u00e9tudiants et aux personnels de l&rsquo;\u00e9tablissement. On y trouve des documentaires, des romans, des p\u00e9riodiques, des manuels scolaires, des bandes-dessin\u00e9es, des mangas, des DVD, des sujets d&rsquo;examen, ainsi que de la documentation sur l&rsquo;orientation. Ces documents peuvent \u00eatre consult\u00e9s sur place ou emprunt\u00e9s.<\/p>\n\n\n\n<p><b>Pour acc\u00e9der au catalogue du CDI, cliquez ici : <a href=\"http:\/\/0750650z.esidoc.fr\/\" target=\"_blank\" rel=\"noopener noreferrer\">E-sidoc<\/a><\/b><\/p>\n\n\n\n<p>&nbsp;<\/p>\n\n\n<div class=\"wp-block-image\">\n<figure class=\"aligncenter size-large\"><img loading=\"lazy\" decoding=\"async\" width=\"1024\" height=\"724\" src=\"https:\/\/lyceedalembert.paris\/wp-content\/uploads\/2024\/10\/Horaires-CDI-DAlembert-2024-2025-1024x724.jpg\" alt=\"\" class=\"wp-image-8764\" srcset=\"https:\/\/lyceedalembert.paris\/wp-content\/uploads\/2024\/10\/Horaires-CDI-DAlembert-2024-2025-1024x724.jpg 1024w, https:\/\/lyceedalembert.paris\/wp-content\/uploads\/2024\/10\/Horaires-CDI-DAlembert-2024-2025-300x212.jpg 300w, https:\/\/lyceedalembert.paris\/wp-content\/uploads\/2024\/10\/Horaires-CDI-DAlembert-2024-2025-768x543.jpg 768w, https:\/\/lyceedalembert.paris\/wp-content\/uploads\/2024\/10\/Horaires-CDI-DAlembert-2024-2025-1536x1086.jpg 1536w, https:\/\/lyceedalembert.paris\/wp-content\/uploads\/2024\/10\/Horaires-CDI-DAlembert-2024-2025.jpg 2000w\" sizes=\"auto, (max-width: 1024px) 100vw, 1024px\" \/><\/figure><\/div>\n\n\n<p><\/p>\n","protected":false},"excerpt":{"rendered":"<p>Le centre de documentation est d&rsquo;information est un lieu de ressources ouvert aux \u00e9l\u00e8ves, \u00e9tudiants et aux personnels de l&rsquo;\u00e9tablissement. On y trouve des documentaires, des romans, des p\u00e9riodiques, des manuels scolaires, des bandes-dessin\u00e9es, des mangas, des DVD, des sujets d&rsquo;examen, ainsi que de la documentation sur l&rsquo;orientation. Ces documents peuvent \u00eatre consult\u00e9s sur place ou emprunt\u00e9s. Pour acc\u00e9der au catalogue du CDI, cliquez ici : E-sidoc &nbsp;<\/p>\n","protected":false},"author":1,"featured_media":0,"parent":0,"menu_order":0,"comment_status":"closed","ping_status":"closed","template":"","meta":{"footnotes":""},"class_list":["post-4935","page","type-page","status-publish","hentry"],"_links":{"self":[{"href":"https:\/\/lyceedalembert.paris\/index.php\/wp-json\/wp\/v2\/pages\/4935","targetHints":{"allow":["GET"]}}],"collection":[{"href":"https:\/\/lyceedalembert.paris\/index.php\/wp-json\/wp\/v2\/pages"}],"about":[{"href":"https:\/\/lyceedalembert.paris\/index.php\/wp-json\/wp\/v2\/types\/page"}],"author":[{"embeddable":true,"href":"https:\/\/lyceedalembert.paris\/index.php\/wp-json\/wp\/v2\/users\/1"}],"replies":[{"embeddable":true,"href":"https:\/\/lyceedalembert.paris\/index.php\/wp-json\/wp\/v2\/comments?post=4935"}],"version-history":[{"count":9,"href":"https:\/\/lyceedalembert.paris\/index.php\/wp-json\/wp\/v2\/pages\/4935\/revisions"}],"predecessor-version":[{"id":8765,"href":"https:\/\/lyceedalembert.paris\/index.php\/wp-json\/wp\/v2\/pages\/4935\/revisions\/8765"}],"wp:attachment":[{"href":"https:\/\/lyceedalembert.paris\/index.php\/wp-json\/wp\/v2\/media?parent=4935"}],"curies":[{"name":"wp","href":"https:\/\/api.w.org\/{rel}","templated":true}]}}