{"id":7661,"date":"2023-02-09T14:25:50","date_gmt":"2023-02-09T13:25:50","guid":{"rendered":"http:\/\/lyceedalembert.paris\/?page_id=7661"},"modified":"2023-02-09T15:18:07","modified_gmt":"2023-02-09T14:18:07","slug":"label-generation-2024","status":"publish","type":"page","link":"https:\/\/lyceedalembert.paris\/index.php\/label-generation-2024\/","title":{"rendered":"Label G\u00e9n\u00e9ration 2024"},"content":{"rendered":"<div class=\"wp-block-image\">\n<figure class=\"aligncenter size-full\"><img loading=\"lazy\" decoding=\"async\" width=\"225\" height=\"224\" src=\"https:\/\/lyceedalembert.paris\/wp-content\/uploads\/2023\/02\/Logo-label-JO-2024.png\" alt=\"\" class=\"wp-image-7664\" srcset=\"https:\/\/lyceedalembert.paris\/wp-content\/uploads\/2023\/02\/Logo-label-JO-2024.png 225w, https:\/\/lyceedalembert.paris\/wp-content\/uploads\/2023\/02\/Logo-label-JO-2024-150x150.png 150w\" sizes=\"auto, (max-width: 225px) 100vw, 225px\" \/><\/figure><\/div>\n\n\n<p>Le <strong><u>lyc\u00e9e d\u2019Alembert<\/u><\/strong> est lab\u00e9lis\u00e9 <strong>g\u00e9n\u00e9ration 2024<\/strong> depuis la rentr\u00e9e scolaire 2022.<\/p>\n\n\n\n<p>Ce label, d\u00e9livr\u00e9 par le <a href=\"https:\/\/eduscol.education.fr\/962\/le-label-generation-2024\" target=\"_blank\" rel=\"noreferrer noopener\">minist\u00e8re de l\u2019Education Nationale et de la Jeunesse<\/a>, vise \u00e0 d\u00e9velopper les passerelles entre le monde scolaire et le mouvement sportif pour encourager la pratique physique et sportive des jeunes. \u00catre <a href=\"https:\/\/generation.paris2024.org\/label-generation-2024\" target=\"_blank\" rel=\"noreferrer noopener\">lab\u00e9lis\u00e9 <strong>G\u00e9n\u00e9ration 2024<\/strong><\/a>, c\u2019est s\u2019engager \u00e0 mettre plus de sport dans le quotidien des jeunes et permettre au plus grand nombre de vivre l\u2019aventure olympique et paralympique d\u00e8s \u00e0 pr\u00e9sent. C\u2019est aussi b\u00e2tir l\u2019h\u00e9ritage de nos futurs \u00e9l\u00e8ves en s\u2019inspirant des valeurs de l\u2019olympisme.&nbsp;&nbsp;<\/p>\n\n\n\n<p>La lab\u00e9lisation de notre lyc\u00e9e nous engage dans une d\u00e9marche de proposition de projets autour du monde sportif au sein de notre \u00e9tablissement mais aussi au-del\u00e0.<\/p>\n\n\n\n<p>Des projets d\u2019\u00e9l\u00e8ves, des projets de classes, des projets inter-\u00e9tablissements naissent et se nourrissent des ressources disponibles \u00e0 travers ce label.<\/p>\n\n\n\n<p>Les actions men\u00e9es par le <strong><u><a href=\"https:\/\/lyceedalembert.paris\/\" target=\"_blank\" rel=\"noreferrer noopener\">lyc\u00e9e d\u2019Alembert<\/a><\/u><\/strong> en lien avec le <a href=\"https:\/\/generation.paris2024.org\/label-generation-2024\" target=\"_blank\" rel=\"noreferrer noopener\"><strong>label g\u00e9n\u00e9ration 2024<\/strong><\/a> ont \u00e9t\u00e9 nombreuses et de plusieurs formes depuis ces 2 ann\u00e9es.<\/p>\n\n\n\n<p>Ce sont des sorties p\u00e9dagogiques et culturelles, des rencontres avec des sportifs, des projets artistiques qui animent notre lyc\u00e9e depuis 2 ans.<\/p>\n\n\n\n<p>Nous avons cr\u00e9\u00e9 un lien particulier avec l\u2019APSV (Association de Pr\u00e9vention du Site de la Villette) avec laquelle nous travaillons r\u00e9guli\u00e8rement autour des pratiques sportives, artistiques et de l\u2019handisport.<\/p>\n\n\n\n<p>Chaque ann\u00e9e nous participons \u00e0 des parcours sportifs et culturels dans le parc de la Villette et au Z\u00e9nith de Paris pour la journ\u00e9e \u00ab&nbsp;\u00e7a match au z\u00e9nith&nbsp;\u00bb. Au programme&nbsp;: Basket fauteuil, c\u00e9cifoot, danse hip-hop, interview du joueur de rugby fauteuil Ryadh Sallem\u2026<\/p>\n\n\n\n<figure class=\"wp-block-gallery has-nested-images columns-default is-cropped wp-block-gallery-1 is-layout-flex wp-block-gallery-is-layout-flex\">\n<figure class=\"wp-block-image size-large\"><img loading=\"lazy\" decoding=\"async\" width=\"646\" height=\"484\" data-id=\"7681\" src=\"https:\/\/lyceedalembert.paris\/wp-content\/uploads\/2023\/02\/Image6.jpg\" alt=\"\" class=\"wp-image-7681\" srcset=\"https:\/\/lyceedalembert.paris\/wp-content\/uploads\/2023\/02\/Image6.jpg 646w, https:\/\/lyceedalembert.paris\/wp-content\/uploads\/2023\/02\/Image6-300x225.jpg 300w\" sizes=\"auto, (max-width: 646px) 100vw, 646px\" \/><\/figure>\n\n\n\n<figure class=\"wp-block-image size-large\"><img loading=\"lazy\" decoding=\"async\" width=\"635\" height=\"477\" data-id=\"7683\" src=\"https:\/\/lyceedalembert.paris\/wp-content\/uploads\/2023\/02\/Image3.jpg\" alt=\"\" class=\"wp-image-7683\" srcset=\"https:\/\/lyceedalembert.paris\/wp-content\/uploads\/2023\/02\/Image3.jpg 635w, https:\/\/lyceedalembert.paris\/wp-content\/uploads\/2023\/02\/Image3-300x225.jpg 300w\" sizes=\"auto, (max-width: 635px) 100vw, 635px\" \/><\/figure>\n\n\n\n<figure class=\"wp-block-image size-full\"><img loading=\"lazy\" decoding=\"async\" width=\"650\" height=\"487\" data-id=\"7682\" src=\"https:\/\/lyceedalembert.paris\/wp-content\/uploads\/2023\/02\/Image5.jpg\" alt=\"\" class=\"wp-image-7682\" srcset=\"https:\/\/lyceedalembert.paris\/wp-content\/uploads\/2023\/02\/Image5.jpg 650w, https:\/\/lyceedalembert.paris\/wp-content\/uploads\/2023\/02\/Image5-300x225.jpg 300w\" sizes=\"auto, (max-width: 650px) 100vw, 650px\" \/><\/figure>\n\n\n\n<figure class=\"wp-block-image size-full\"><img loading=\"lazy\" decoding=\"async\" width=\"634\" height=\"475\" data-id=\"7680\" src=\"https:\/\/lyceedalembert.paris\/wp-content\/uploads\/2023\/02\/Image4.jpg\" alt=\"\" class=\"wp-image-7680\" srcset=\"https:\/\/lyceedalembert.paris\/wp-content\/uploads\/2023\/02\/Image4.jpg 634w, https:\/\/lyceedalembert.paris\/wp-content\/uploads\/2023\/02\/Image4-300x225.jpg 300w\" sizes=\"auto, (max-width: 634px) 100vw, 634px\" \/><\/figure>\n<\/figure>\n\n\n\n<p>Pour cette fin d\u2019ann\u00e9e scolaire, nous pr\u00e9voyons de r\u00e9aliser l\u2019hymne de la journ\u00e9e <a href=\"https:\/\/lyceedalembert.paris\/index.php\/2022\/03\/21\/ca-match-au-zenith\/\" target=\"_blank\" rel=\"noreferrer noopener\">\u00ab \u00e7a match au z\u00e9nith&nbsp;\u00bb<\/a> en collaboration avec l\u2019artiste Ben PLG.<\/p>\n\n\n\n<p>Des \u00e9v\u00e9nements plus ponctuels sont aussi organis\u00e9s pour diff\u00e9rentes classes. Avec les \u00e9l\u00e8ves de l\u2019UF2S (Unit\u00e9 Facultative Secteur Sportif), nous avons invit\u00e9 des \u00e9l\u00e8ves du lyc\u00e9e Beaugrenelle \u00e0 partager une rencontre avec le boxeur professionnel et multiple champion du monde, Hamza Ngoto. Apr\u00e8s un moment d\u2019\u00e9change riche et instructif avec le sportif, nous avons particip\u00e9 \u00e0 un atelier d\u2019initiation \u00e0 la pratique de la Muaythai.<\/p>\n\n\n\n<p>Dans le cadre de leur \u00ab&nbsp;chef d\u2019\u0153uvre&nbsp;\u00bb, les \u00e9l\u00e8ves de la classe de 1 \u00e8re TAO (Techniciens d\u2019Appareillage Orthop\u00e9dique), ont pu rencontrer Yannick Ifebe, m\u00e9daill\u00e9 d\u2019or en escrime lors de ses premiers jeux paralympiques. En plus de d\u00e9velopper la culture sportive de nos \u00e9l\u00e8ves, cette rencontre a eu un r\u00e9el int\u00e9r\u00eat p\u00e9dagogique dans la construction du \u00ab&nbsp;chef d\u2019\u0153uvre&nbsp;\u00bb de nos \u00e9l\u00e8ves et donc d\u2019atteinte d\u2019objectifs scolaires.<\/p>\n\n\n\n<div class=\"wp-block-media-text alignwide is-stacked-on-mobile\" style=\"grid-template-columns:30% auto\"><figure class=\"wp-block-media-text__media\"><img loading=\"lazy\" decoding=\"async\" width=\"613\" height=\"460\" src=\"https:\/\/lyceedalembert.paris\/wp-content\/uploads\/2023\/02\/Image1.jpg\" alt=\"\" class=\"wp-image-7676 size-full\" srcset=\"https:\/\/lyceedalembert.paris\/wp-content\/uploads\/2023\/02\/Image1.jpg 613w, https:\/\/lyceedalembert.paris\/wp-content\/uploads\/2023\/02\/Image1-300x225.jpg 300w\" sizes=\"auto, (max-width: 613px) 100vw, 613px\" \/><\/figure><div class=\"wp-block-media-text__content\">\n<p><\/p>\n\n\n\n<div class=\"wp-block-media-text alignwide has-media-on-the-right is-stacked-on-mobile\"><div class=\"wp-block-media-text__content\">\n<p>Afin de d\u00e9velopper la curiosit\u00e9 et la culture du monde sportif des \u00e9l\u00e8ves, nous avons organis\u00e9 une sortie \u00e0 la d\u00e9fense Arena pour un match de rugby opposant le Racing 92 \u00e0 l\u2019\u00e9quipe de Lyon.<\/p>\n<\/div><figure class=\"wp-block-media-text__media\"><img loading=\"lazy\" decoding=\"async\" width=\"657\" height=\"459\" src=\"https:\/\/lyceedalembert.paris\/wp-content\/uploads\/2023\/02\/Image2.jpg\" alt=\"\" class=\"wp-image-7677 size-full\" srcset=\"https:\/\/lyceedalembert.paris\/wp-content\/uploads\/2023\/02\/Image2.jpg 657w, https:\/\/lyceedalembert.paris\/wp-content\/uploads\/2023\/02\/Image2-300x210.jpg 300w\" sizes=\"auto, (max-width: 657px) 100vw, 657px\" \/><\/figure><\/div>\n<\/div><\/div>\n\n\n\n<div class=\"wp-block-media-text alignwide has-media-on-the-right is-stacked-on-mobile\" style=\"grid-template-columns:auto 30%\"><div class=\"wp-block-media-text__content\">\n<p>Nous avons aussi permis \u00e0 certains \u00e9l\u00e8ves de d\u00e9couvrir des activit\u00e9s de pleine nature en nous rendant dans le d\u00e9partement de l\u2019Essonne pour pratiquer l\u2019acrobranche.<\/p>\n<\/div><figure class=\"wp-block-media-text__media\"><img loading=\"lazy\" decoding=\"async\" width=\"651\" height=\"746\" src=\"https:\/\/lyceedalembert.paris\/wp-content\/uploads\/2023\/02\/Image7.jpg\" alt=\"\" class=\"wp-image-7678 size-full\" srcset=\"https:\/\/lyceedalembert.paris\/wp-content\/uploads\/2023\/02\/Image7.jpg 651w, https:\/\/lyceedalembert.paris\/wp-content\/uploads\/2023\/02\/Image7-262x300.jpg 262w\" sizes=\"auto, (max-width: 651px) 100vw, 651px\" \/><\/figure><\/div>\n\n\n\n<p>Enfin, en concertation avec les coll\u00e8gues des \u00e9tablissements scolaires du 19<sup>\u00e8me<\/sup> arrondissement de Paris, une envie d\u2019un projet commun est n\u00e9e lors du s\u00e9minaire \u00ab&nbsp;g\u00e9n\u00e9ration 2024&nbsp;\u00bb. Partager une culture commune entre les \u00e9tablissements et d\u00e9velopper l\u2019h\u00e9ritage que les Jeux olympiques et paralympiques laisseront aux futures g\u00e9n\u00e9rations d\u2019\u00e9l\u00e8ves. Ce projet, en cours de d\u00e9veloppement, a pour objectif de mat\u00e9rialiser de fa\u00e7on artistique diff\u00e9rents records olympiques ou paralympiques et de laisser une marque sous forme de fresque dans les \u00e9tablissements scolaires.<\/p>\n\n\n\n<p>Des projets interg\u00e9n\u00e9rationnels sont aussi en cours de r\u00e9flexion.<\/p>\n\n\n\n<p>Ces projets du <strong><u>lyc\u00e9e d\u2019Alembert<\/u><\/strong> en lien \u00e9troit avec les acteurs du label <strong>g\u00e9n\u00e9ration 2024 <\/strong>sont toujours riches pour nos \u00e9l\u00e8ves. Ils permettent de d\u00e9velopper la culture du monde sportif gr\u00e2ce aux sorties et aux rencontres, de sensibiliser les \u00e9l\u00e8ves aux pratiques handisports, mais aussi de donner du sens \u00e0 la scolarit\u00e9, et des vocations pour des futures insertions professionnelles.<\/p>\n\n\n\n<p>Pour toutes d\u00e9marches concernant la mise en projet en lien avec le label <strong>g\u00e9n\u00e9ration 2024<\/strong>, vous pouvez me contacter.<\/p>\n\n\n\n<p class=\"has-text-align-right\">Benjamin Sofianos<\/p>\n\n\n\n<p class=\"has-text-align-right\"><a href=\"mailto:sofianos.benjamin@gmail.com\" target=\"_blank\" rel=\"noreferrer noopener\">sofianos.benjamin@gmail.com<\/a><\/p>\n","protected":false},"excerpt":{"rendered":"<p>Le lyc\u00e9e d\u2019Alembert est lab\u00e9lis\u00e9 g\u00e9n\u00e9ration 2024 depuis la rentr\u00e9e scolaire 2022. Ce label, d\u00e9livr\u00e9 par le minist\u00e8re de l\u2019Education Nationale et de la Jeunesse, vise \u00e0 d\u00e9velopper les passerelles entre le monde scolaire et le mouvement sportif pour encourager la pratique physique et sportive des jeunes. \u00catre lab\u00e9lis\u00e9 G\u00e9n\u00e9ration 2024, c\u2019est s\u2019engager \u00e0 mettre plus de sport dans le quotidien des jeunes et permettre au plus grand nombre de vivre l\u2019aventure olympique et paralympique d\u00e8s \u00e0 pr\u00e9sent. C\u2019est aussi&hellip;<\/p>\n","protected":false},"author":1,"featured_media":0,"parent":0,"menu_order":0,"comment_status":"closed","ping_status":"closed","template":"","meta":{"footnotes":""},"class_list":["post-7661","page","type-page","status-publish","hentry"],"_links":{"self":[{"href":"https:\/\/lyceedalembert.paris\/index.php\/wp-json\/wp\/v2\/pages\/7661","targetHints":{"allow":["GET"]}}],"collection":[{"href":"https:\/\/lyceedalembert.paris\/index.php\/wp-json\/wp\/v2\/pages"}],"about":[{"href":"https:\/\/lyceedalembert.paris\/index.php\/wp-json\/wp\/v2\/types\/page"}],"author":[{"embeddable":true,"href":"https:\/\/lyceedalembert.paris\/index.php\/wp-json\/wp\/v2\/users\/1"}],"replies":[{"embeddable":true,"href":"https:\/\/lyceedalembert.paris\/index.php\/wp-json\/wp\/v2\/comments?post=7661"}],"version-history":[{"count":10,"href":"https:\/\/lyceedalembert.paris\/index.php\/wp-json\/wp\/v2\/pages\/7661\/revisions"}],"predecessor-version":[{"id":7686,"href":"https:\/\/lyceedalembert.paris\/index.php\/wp-json\/wp\/v2\/pages\/7661\/revisions\/7686"}],"wp:attachment":[{"href":"https:\/\/lyceedalembert.paris\/index.php\/wp-json\/wp\/v2\/media?parent=7661"}],"curies":[{"name":"wp","href":"https:\/\/api.w.org\/{rel}","templated":true}]}}

Label Génération 2024

<div class="wp-block-image">
<figure class="aligncenter size-full"><img loading="lazy" decoding="async" width="225" height="224" src="https://lyceedalembert.paris/wp-content/uploads/2023/02/Logo-label-JO-2024.png" alt="" class="wp-image-7664" srcset="https://lyceedalembert.paris/wp-content/uploads/2023/02/Logo-label-JO-2024.png 225w, https://lyceedalembert.paris/wp-content/uploads/2023/02/Logo-label-JO-2024-150x150.png 150w" sizes="auto, (max-width: 225px) 100vw, 225px" /></figure></div>


<p>Le <strong><u>lycée d’Alembert</u></strong> est labélisé <strong>génération 2024</strong> depuis la rentrée scolaire 2022.</p>



<p>Ce label, délivré par le <a href="https://eduscol.education.fr/962/le-label-generation-2024" target="_blank" rel="noreferrer noopener">ministère de l’Education Nationale et de la Jeunesse</a>, vise à développer les passerelles entre le monde scolaire et le mouvement sportif pour encourager la pratique physique et sportive des jeunes. Être <a href="https://generation.paris2024.org/label-generation-2024" target="_blank" rel="noreferrer noopener">labélisé <strong>Génération 2024</strong></a>, c’est s’engager à mettre plus de sport dans le quotidien des jeunes et permettre au plus grand nombre de vivre l’aventure olympique et paralympique dès à présent. C’est aussi bâtir l’héritage de nos futurs élèves en s’inspirant des valeurs de l’olympisme.&nbsp;&nbsp;</p>



<p>La labélisation de notre lycée nous engage dans une démarche de proposition de projets autour du monde sportif au sein de notre établissement mais aussi au-delà.</p>



<p>Des projets d’élèves, des projets de classes, des projets inter-établissements naissent et se nourrissent des ressources disponibles à travers ce label.</p>



<p>Les actions menées par le <strong><u><a href="https://lyceedalembert.paris/" target="_blank" rel="noreferrer noopener">lycée d’Alembert</a></u></strong> en lien avec le <a href="https://generation.paris2024.org/label-generation-2024" target="_blank" rel="noreferrer noopener"><strong>label génération 2024</strong></a> ont été nombreuses et de plusieurs formes depuis ces 2 années.</p>



<p>Ce sont des sorties pédagogiques et culturelles, des rencontres avec des sportifs, des projets artistiques qui animent notre lycée depuis 2 ans.</p>



<p>Nous avons créé un lien particulier avec l’APSV (Association de Prévention du Site de la Villette) avec laquelle nous travaillons régulièrement autour des pratiques sportives, artistiques et de l’handisport.</p>



<p>Chaque année nous participons à des parcours sportifs et culturels dans le parc de la Villette et au Zénith de Paris pour la journée «&nbsp;ça match au zénith&nbsp;». Au programme&nbsp;: Basket fauteuil, cécifoot, danse hip-hop, interview du joueur de rugby fauteuil Ryadh Sallem…</p>



<figure class="wp-block-gallery has-nested-images columns-default is-cropped wp-block-gallery-1 is-layout-flex wp-block-gallery-is-layout-flex">
<figure class="wp-block-image size-large"><img loading="lazy" decoding="async" width="646" height="484" data-id="7681" src="https://lyceedalembert.paris/wp-content/uploads/2023/02/Image6.jpg" alt="" class="wp-image-7681" srcset="https://lyceedalembert.paris/wp-content/uploads/2023/02/Image6.jpg 646w, https://lyceedalembert.paris/wp-content/uploads/2023/02/Image6-300x225.jpg 300w" sizes="auto, (max-width: 646px) 100vw, 646px" /></figure>



<figure class="wp-block-image size-large"><img loading="lazy" decoding="async" width="635" height="477" data-id="7683" src="https://lyceedalembert.paris/wp-content/uploads/2023/02/Image3.jpg" alt="" class="wp-image-7683" srcset="https://lyceedalembert.paris/wp-content/uploads/2023/02/Image3.jpg 635w, https://lyceedalembert.paris/wp-content/uploads/2023/02/Image3-300x225.jpg 300w" sizes="auto, (max-width: 635px) 100vw, 635px" /></figure>



<figure class="wp-block-image size-full"><img loading="lazy" decoding="async" width="650" height="487" data-id="7682" src="https://lyceedalembert.paris/wp-content/uploads/2023/02/Image5.jpg" alt="" class="wp-image-7682" srcset="https://lyceedalembert.paris/wp-content/uploads/2023/02/Image5.jpg 650w, https://lyceedalembert.paris/wp-content/uploads/2023/02/Image5-300x225.jpg 300w" sizes="auto, (max-width: 650px) 100vw, 650px" /></figure>



<figure class="wp-block-image size-full"><img loading="lazy" decoding="async" width="634" height="475" data-id="7680" src="https://lyceedalembert.paris/wp-content/uploads/2023/02/Image4.jpg" alt="" class="wp-image-7680" srcset="https://lyceedalembert.paris/wp-content/uploads/2023/02/Image4.jpg 634w, https://lyceedalembert.paris/wp-content/uploads/2023/02/Image4-300x225.jpg 300w" sizes="auto, (max-width: 634px) 100vw, 634px" /></figure>
</figure>



<p>Pour cette fin d’année scolaire, nous prévoyons de réaliser l’hymne de la journée <a href="https://lyceedalembert.paris/index.php/2022/03/21/ca-match-au-zenith/" target="_blank" rel="noreferrer noopener">« ça match au zénith&nbsp;»</a> en collaboration avec l’artiste Ben PLG.</p>



<p>Des événements plus ponctuels sont aussi organisés pour différentes classes. Avec les élèves de l’UF2S (Unité Facultative Secteur Sportif), nous avons invité des élèves du lycée Beaugrenelle à partager une rencontre avec le boxeur professionnel et multiple champion du monde, Hamza Ngoto. Après un moment d’échange riche et instructif avec le sportif, nous avons participé à un atelier d’initiation à la pratique de la Muaythai.</p>



<p>Dans le cadre de leur «&nbsp;chef d’œuvre&nbsp;», les élèves de la classe de 1 ère TAO (Techniciens d’Appareillage Orthopédique), ont pu rencontrer Yannick Ifebe, médaillé d’or en escrime lors de ses premiers jeux paralympiques. En plus de développer la culture sportive de nos élèves, cette rencontre a eu un réel intérêt pédagogique dans la construction du «&nbsp;chef d’œuvre&nbsp;» de nos élèves et donc d’atteinte d’objectifs scolaires.</p>



<div class="wp-block-media-text alignwide is-stacked-on-mobile" style="grid-template-columns:30% auto"><figure class="wp-block-media-text__media"><img loading="lazy" decoding="async" width="613" height="460" src="https://lyceedalembert.paris/wp-content/uploads/2023/02/Image1.jpg" alt="" class="wp-image-7676 size-full" srcset="https://lyceedalembert.paris/wp-content/uploads/2023/02/Image1.jpg 613w, https://lyceedalembert.paris/wp-content/uploads/2023/02/Image1-300x225.jpg 300w" sizes="auto, (max-width: 613px) 100vw, 613px" /></figure><div class="wp-block-media-text__content">
<p></p>



<div class="wp-block-media-text alignwide has-media-on-the-right is-stacked-on-mobile"><div class="wp-block-media-text__content">
<p>Afin de développer la curiosité et la culture du monde sportif des élèves, nous avons organisé une sortie à la défense Arena pour un match de rugby opposant le Racing 92 à l’équipe de Lyon.</p>
</div><figure class="wp-block-media-text__media"><img loading="lazy" decoding="async" width="657" height="459" src="https://lyceedalembert.paris/wp-content/uploads/2023/02/Image2.jpg" alt="" class="wp-image-7677 size-full" srcset="https://lyceedalembert.paris/wp-content/uploads/2023/02/Image2.jpg 657w, https://lyceedalembert.paris/wp-content/uploads/2023/02/Image2-300x210.jpg 300w" sizes="auto, (max-width: 657px) 100vw, 657px" /></figure></div>
</div></div>



<div class="wp-block-media-text alignwide has-media-on-the-right is-stacked-on-mobile" style="grid-template-columns:auto 30%"><div class="wp-block-media-text__content">
<p>Nous avons aussi permis à certains élèves de découvrir des activités de pleine nature en nous rendant dans le département de l’Essonne pour pratiquer l’acrobranche.</p>
</div><figure class="wp-block-media-text__media"><img loading="lazy" decoding="async" width="651" height="746" src="https://lyceedalembert.paris/wp-content/uploads/2023/02/Image7.jpg" alt="" class="wp-image-7678 size-full" srcset="https://lyceedalembert.paris/wp-content/uploads/2023/02/Image7.jpg 651w, https://lyceedalembert.paris/wp-content/uploads/2023/02/Image7-262x300.jpg 262w" sizes="auto, (max-width: 651px) 100vw, 651px" /></figure></div>



<p>Enfin, en concertation avec les collègues des établissements scolaires du 19<sup>ème</sup> arrondissement de Paris, une envie d’un projet commun est née lors du séminaire «&nbsp;génération 2024&nbsp;». Partager une culture commune entre les établissements et développer l’héritage que les Jeux olympiques et paralympiques laisseront aux futures générations d’élèves. Ce projet, en cours de développement, a pour objectif de matérialiser de façon artistique différents records olympiques ou paralympiques et de laisser une marque sous forme de fresque dans les établissements scolaires.</p>



<p>Des projets intergénérationnels sont aussi en cours de réflexion.</p>



<p>Ces projets du <strong><u>lycée d’Alembert</u></strong> en lien étroit avec les acteurs du label <strong>génération 2024 </strong>sont toujours riches pour nos élèves. Ils permettent de développer la culture du monde sportif grâce aux sorties et aux rencontres, de sensibiliser les élèves aux pratiques handisports, mais aussi de donner du sens à la scolarité, et des vocations pour des futures insertions professionnelles.</p>



<p>Pour toutes démarches concernant la mise en projet en lien avec le label <strong>génération 2024</strong>, vous pouvez me contacter.</p>



<p class="has-text-align-right">Benjamin Sofianos</p>



<p class="has-text-align-right"><a href="mailto:sofianos.benjamin@gmail.com" target="_blank" rel="noreferrer noopener">sofianos.benjamin@gmail.com</a></p>

<p>Le lycée d’Alembert est labélisé génération 2024 depuis la rentrée scolaire 2022. Ce label, délivré par le ministère de l’Education Nationale et de la Jeunesse, vise à développer les passerelles entre le monde scolaire et le mouvement sportif pour encourager la pratique physique et sportive des jeunes. Être labélisé Génération 2024, c’est s’engager à mettre plus de sport dans le quotidien des jeunes et permettre au plus grand nombre de vivre l’aventure olympique et paralympique dès à présent. C’est aussi&hellip;</p>
