{"id":964,"date":"2021-11-24T11:35:14","date_gmt":"2021-11-24T10:35:14","guid":{"rendered":"http:\/\/localhost:81\/wordpress\/?page_id=188"},"modified":"2021-11-24T11:35:15","modified_gmt":"2021-11-24T10:35:15","slug":"assp","status":"publish","type":"page","link":"https:\/\/lyceedalembert.paris\/index.php\/assp\/","title":{"rendered":"Accompagnement Soins et Services \u00e0 la Personne"},"content":{"rendered":"<div id=\"su_carousel_69e3d808da761\" class=\"su-carousel su-carousel-centered su-carousel-pages-no su-carousel-responsive-yes\" style=\"width:100%\" data-autoplay=\"3000\" data-speed=\"600\" data-mousewheel=\"true\" data-items=\"1\" data-scroll=\"1\"><div class=\"su-carousel-slides\"><div class=\"su-carousel-slide\"><a><img decoding=\"async\" src=\"https:\/\/lyceedalembert.paris\/wp-content\/uploads\/2016\/03\/photo-5-3.jpg\" alt=\"photo 5\" \/><\/a><\/div><div class=\"su-carousel-slide\"><a><img decoding=\"async\" src=\"https:\/\/lyceedalembert.paris\/wp-content\/uploads\/2016\/03\/photo-4-4.jpg\" alt=\"photo 4\" \/><\/a><\/div><div class=\"su-carousel-slide\"><a><img decoding=\"async\" src=\"https:\/\/lyceedalembert.paris\/wp-content\/uploads\/2016\/03\/photo-3-4.jpg\" alt=\"photo 3\" \/><\/a><\/div><div class=\"su-carousel-slide\"><a><img decoding=\"async\" src=\"https:\/\/lyceedalembert.paris\/wp-content\/uploads\/2016\/03\/photo-2-4.jpg\" alt=\"photo 2\" \/><\/a><\/div><div class=\"su-carousel-slide\"><a><img decoding=\"async\" src=\"https:\/\/lyceedalembert.paris\/wp-content\/uploads\/2016\/03\/photo-1-4.jpg\" alt=\"photo 1\" \/><\/a><\/div><\/div><div class=\"su-carousel-nav\"><div class=\"su-carousel-direction\"><span class=\"su-carousel-prev\"><\/span><span class=\"su-carousel-next\"><\/span><\/div><div class=\"su-carousel-pagination\"><\/div><\/div><\/div>\n\n\n\n<h3 class=\"wp-block-heading\"><span style=\"color: #ff9900;\"><strong>PUBLIC<\/strong><\/span><\/h3>\n\n\n\n<p>Le Bac PRO ASSP s\u2019adresse aux \u00e9l\u00e8ves issus de 3\u00e8me voire d\u2019une seconde g\u00e9n\u00e9rale ou technologique pour un \u00e9l\u00e8ve en r\u00e9orientation.<\/p>\n\n\n\n<h3 class=\"wp-block-heading\"><strong><span style=\"color: #ff9900;\">ACTIVITES \u2013 QUALITES REQUISES<\/span><\/strong><\/h3>\n\n\n\n<p><span style=\"text-decoration: underline;\">Objectifs de la formation :<\/span><\/p>\n\n\n\n<ul class=\"wp-block-list\"><li>Assurer l\u2019accueil de l\u2019usager<\/li><li>Effectuer des soins d\u2019hygi\u00e8ne, de confort et de s\u00e9curisation de l\u2019usager<\/li><li>Participer \u00e0 l\u2019acquisition, au maintien et \u00e0 la restauration de l\u2019autonomie<br>Animer des activit\u00e9s socio-\u00e9ducatives et de loisirs<\/li><li>Encadrer et g\u00e9rer des petites \u00e9quipes de professionnels<\/li><\/ul>\n\n\n\n<p><span style=\"text-decoration: underline;\">Qualit\u00e9s requises :<\/span><\/p>\n\n\n\n<ul class=\"wp-block-list\"><li>Disponiblit\u00e9<\/li><li>Autonomie<\/li><li>Ma\u00eetrise de soi<\/li><li>Capacit\u00e9s relationnelles<\/li><li>Aptitude au travail en \u00e9quipe<\/li><li>Bonne&nbsp;condition physique<\/li><\/ul>\n\n\n\n<h3 class=\"wp-block-heading\"><span style=\"color: #ff9900;\"><strong>CONTENU DE LA FORMATION<\/strong><\/span><\/h3>\n\n\n\n<ul class=\"wp-block-list\"><li><\/li><\/ul>\n\n\n\n<ul class=\"wp-block-list\"><li>de l\u2019enseignement g\u00e9n\u00e9ral : Fran\u00e7ais, Histoire\/G\u00e9ographie, Anglais, Math\u00e9matiques, Sciences-Physiques, Gestion, Arts appliqu\u00e9s, Education Physique.<\/li><li>de l\u2019enseignement technologique : Technologie, Pr\u00e9vention Sant\u00e9 Environnement, Etude des mat\u00e9riaux<\/li><li>de l\u2019enseignement pratique (soit 38 heures\/semaine en 1\u00e8reann\u00e9e, 38h\/semaine en 2\u00e8meann\u00e9e et 33h30 heures\/semaine en 3\u00e8meann\u00e9e)<\/li><\/ul>\n\n\n\n<p>La formation comprend 22 semaines de stage en milieu professionnel, r\u00e9parties sur les trois ann\u00e9es.<\/p>\n\n\n\n<h3 class=\"wp-block-heading\"><span style=\"color: #ff9900;\"><strong>MODALITES DE CERTIFICATION<\/strong><\/span><\/h3>\n\n\n\n<ul class=\"wp-block-list\"><li>Situation d\u2019\u00e9valuation sous forme de CCF (Contr\u00f4le en Cours de Formation) tout en conservant une \u00e9preuve ponctuelle.<\/li><li>Certification interm\u00e9diaire en fin de 2\u00e8me ann\u00e9e.<\/li><\/ul>\n\n\n\n<h3 class=\"wp-block-heading\"><span style=\"color: #ff9900;\"><strong>DEBOUCHES \u2013 POURSUITE D\u2019ETUDES<\/strong><\/span><\/h3>\n\n\n\n<p>Poursuite vers un BTS<\/p>\n\n\n\n<ul class=\"wp-block-list\"><li>Travail en structure : \u00e9tablissements sanitaires, sociaux et m\u00e9dicosociaux (public vis\u00e9 : personnes en situation temporaire ou permanente de d\u00e9pendance en structures collectives)<\/li><li>Travail \u00e0 domicile : en logement priv\u00e9, individuel ou collectif (public vis\u00e9 : familles, enfants, personnes \u00e2g\u00e9es, personnes handicap\u00e9es)<\/li><\/ul>\n\n\n\n<div data-wp-interactive=\"core\/file\" class=\"wp-block-file aligncenter\"><object data-wp-bind--hidden=\"!state.hasPdfPreview\" hidden class=\"wp-block-file__embed\" data=\"https:\/\/lyceedalembert.paris\/wp-content\/uploads\/2021\/11\/BAC-PRO-ASSP-2021.pdf\" type=\"application\/pdf\" style=\"width:100%;height:600px\" aria-label=\"Contenu embarqu\u00e9 Contenu embarqu\u00e9 BAC-PRO-ASSP-2021..\"><\/object><a href=\"https:\/\/lyceedalembert.paris\/wp-content\/uploads\/2021\/11\/BAC-PRO-ASSP-2021.pdf\">BAC-PRO-ASSP-2021<\/a><a href=\"https:\/\/lyceedalembert.paris\/wp-content\/uploads\/2021\/11\/BAC-PRO-ASSP-2021.pdf\" class=\"wp-block-file__button\" download>T\u00e9l\u00e9charger<\/a><\/div>\n\n\n\n<p>Consultez les articles sur le th\u00e8me <a href=\"https:\/\/lyceedalembert.paris\/index.php\/category\/bac-pro-assp\/\" target=\"_blank\" rel=\"noreferrer noopener\">Du bac pro ASSP<\/a>.<\/p>\n","protected":false},"excerpt":{"rendered":"<p>PUBLIC Le Bac PRO ASSP s\u2019adresse aux \u00e9l\u00e8ves issus de 3\u00e8me voire d\u2019une seconde g\u00e9n\u00e9rale ou technologique pour un \u00e9l\u00e8ve en r\u00e9orientation. ACTIVITES \u2013 QUALITES REQUISES Objectifs de la formation : Assurer l\u2019accueil de l\u2019usager Effectuer des soins d\u2019hygi\u00e8ne, de confort et de s\u00e9curisation de l\u2019usager Participer \u00e0 l\u2019acquisition, au maintien et \u00e0 la restauration de l\u2019autonomieAnimer des activit\u00e9s socio-\u00e9ducatives et de loisirs Encadrer et g\u00e9rer des petites \u00e9quipes de professionnels Qualit\u00e9s requises : Disponiblit\u00e9 Autonomie Ma\u00eetrise de soi Capacit\u00e9s&hellip;<\/p>\n","protected":false},"author":1,"featured_media":0,"parent":0,"menu_order":0,"comment_status":"closed","ping_status":"closed","template":"","meta":{"footnotes":""},"class_list":["post-964","page","type-page","status-publish","hentry"],"_links":{"self":[{"href":"https:\/\/lyceedalembert.paris\/index.php\/wp-json\/wp\/v2\/pages\/964","targetHints":{"allow":["GET"]}}],"collection":[{"href":"https:\/\/lyceedalembert.paris\/index.php\/wp-json\/wp\/v2\/pages"}],"about":[{"href":"https:\/\/lyceedalembert.paris\/index.php\/wp-json\/wp\/v2\/types\/page"}],"author":[{"embeddable":true,"href":"https:\/\/lyceedalembert.paris\/index.php\/wp-json\/wp\/v2\/users\/1"}],"replies":[{"embeddable":true,"href":"https:\/\/lyceedalembert.paris\/index.php\/wp-json\/wp\/v2\/comments?post=964"}],"version-history":[{"count":32,"href":"https:\/\/lyceedalembert.paris\/index.php\/wp-json\/wp\/v2\/pages\/964\/revisions"}],"predecessor-version":[{"id":6689,"href":"https:\/\/lyceedalembert.paris\/index.php\/wp-json\/wp\/v2\/pages\/964\/revisions\/6689"}],"wp:attachment":[{"href":"https:\/\/lyceedalembert.paris\/index.php\/wp-json\/wp\/v2\/media?parent=964"}],"curies":[{"name":"wp","href":"https:\/\/api.w.org\/{rel}","templated":true}]}}